e
Does 1802 divide 35171158?
False
Is 677641 a multiple of 19?
False
Does 7 divide 867832?
True
Is 49 a factor of 200783?
False
Is 6771248 a multiple of 88?
True
Does 299 divide 10476130?
False
Is 5464 a multiple of 3?
False
Is 146 a factor of 8468?
True
Does 32 divide 28109?
False
Is 1967 a factor of 9000881?
False
Is 814 a factor of 7501824?
True
Is 229 a factor of 28995?
False
Does 132 divide 1354052?
False
Is 257 a factor of 3442552?
False
Does 150 divide 2252463?
False
Is 12 a factor of 3582073?
False
Is 433 a factor of 36260840?
False
Is 45843 a multiple of 177?
True
Is 10544905 a multiple of 785?
True
Is 2208 a multiple of 8?
True
Is 136806 a multiple of 302?
True
Is 1052726 a multiple of 3?
False
Is 354 a factor of 2193221?
False
Does 7 divide 2412272?
False
Is 87 a factor of 68578?
False
Does 83 divide 39087?
False
Does 79 divide 968145?
True
Is 26490900 a multiple of 118?
False
Is 7372192 a multiple of 32?
True
Is 324 a multiple of 3?
True
Is 3481808 a multiple of 1168?
True
Is 7 a factor of 69153?
True
Does 119 divide 429590?
True
Is 69 a factor of 848412?
False
Does 339 divide 67096?
False
Does 21 divide 5523987?
True
Is 14 a factor of 138110?
True
Is 278475 even?
False
Does 10 divide 4003099?
False
Is 195 a factor of 2661432?
False
Does 29 divide 905496?
True
Is 767562 a multiple of 291?
False
Is 3 a factor of 880772?
False
Is 6 a factor of 191384?
False
Does 13 divide 90177?
False
Is 65458 a multiple of 428?
False
Is 10 a factor of 1242290?
True
Is 464557 a multiple of 7?
False
Does 180 divide 71011?
False
Is 358885 a multiple of 41?
False
Is 181 a factor of 15255154?
False
Is 86526 a multiple of 33?
True
Is 71 a factor of 3757817?
True
Is 12 a factor of 403481?
False
Is 1140743 a multiple of 12?
False
Does 53 divide 1023896?
False
Is 14580702 a multiple of 426?
True
Is 356979 a multiple of 21?
True
Does 6 divide 30792?
True
Is 1740760 a multiple of 280?
True
Does 113 divide 216282?
True
Does 3 divide 877425?
True
Does 121 divide 2912470?
True
Does 261 divide 2169607?
False
Is 19120 a multiple of 3?
False
Is 208054 a multiple of 17?
False
Does 44 divide 278289?
False
Is 10 a factor of 189167?
False
Is 154 a factor of 606643?
False
Is 12 a factor of 963991?
False
Does 113 divide 640593?
False
Is 10362 a multiple of 4?
False
Does 276 divide 26961?
False
Does 46 divide 46690?
True
Is 7 a factor of 32690?
True
Is 121 a factor of 611526?
False
Is 30 a factor of 2574429?
False
Is 515622 a multiple of 38?
True
Does 122 divide 214621?
False
Is 66 a factor of 9031502?
False
Is 10 a factor of 2990861?
False
Is 48 a factor of 4468973?
False
Is 376365 a multiple of 15?
True
Does 26 divide 69498?
True
Does 343 divide 608402?
False
Is 672 a factor of 1206240?
True
Is 11 a factor of 67262?
False
Does 228 divide 373008?
True
Does 83 divide 103999?
True
Is 583440 a multiple of 330?
True
Does 278 divide 417556?
True
Is 64449 a multiple of 11?
True
Is 251 a factor of 3578480?
False
Does 787 divide 4755054?
True
Is 71 a factor of 301772?
False
Is 692852 a multiple of 34?
True
Is 17 a factor of 1598733?
False
Does 61 divide 302743?
True
Is 802080 a multiple of 2?
True
Is 224 a factor of 17204940?
False
Is 233 a factor of 13448061?
True
Does 306 divide 2101669?
False
Does 19 divide 360316?
True
Does 190 divide 809210?
True
Is 21 a factor of 1202253?
False
Is 2093330 a multiple of 49?
False
Does 185 divide 10794?
False
Does 59 divide 345399?
False
Is 183 a factor of 57645?
True
Is 19 a factor of 1539475?
True
Does 734 divide 9053890?
True
Is 345474 a multiple of 12?
False
Is 120697 a multiple of 5?
False
Is 141163 a multiple of 41?
True
Is 104832 a multiple of 63?
True
Is 7 a factor of 318531?
False
Is 62 a factor of 67766?
True
Is 186955 a multiple of 27?
False
Is 5197904 a multiple of 106?
False
Does 5 divide 5497781?
False
Is 29 a factor of 418122?
True
Is 1026399 a multiple of 60?
False
Is 512440 a multiple of 20?
True
Does 22 divide 5854728?
True
Is 79 a factor of 16672?
False
Is 24725507 a multiple of 149?
True
Does 358 divide 304525?
False
Does 7 divide 78435?
True
Is 29 a factor of 1110900?
False
Is 184 a factor of 2569376?
True
Does 314 divide 228615?
False
Does 7 divide 435947?
False
Is 14663510 a multiple of 530?
True
Is 8 a factor of 1898?
False
Is 11824102 a multiple of 743?
True
Does 75 divide 20025?
True
Is 2272550 a multiple of 667?
False
Is 4079012 a multiple of 7?
True
Is 16 a factor of 2332670?
False
Does 143 divide 238238?
True
Does 8 divide 770704?
True
Does 57 divide 2452938?
True
Does 4 divide 959934?
False
Is 8387641 a multiple of 13?
False
Is 819395 a multiple of 299?
False
Is 4396881 a multiple of 140?
False
Does 67 divide 153631?
True
Is 3860010 a multiple of 21?
True
Is 70 a factor of 492989?
False
Is 36 a factor of 52165?
False
Is 249 a factor of 4364223?
True
Does 29 divide 1136365?
True
Is 222560 a multiple of 32?
True
Is 289488 a multiple of 48?
True
Is 32 a factor of 2254720?
True
Is 27 a factor of 180691?
False
Is 1869287 a multiple of 253?
False
Is 12 a factor of 429372?
True
Does 120 divide 1742760?
True
Is 8312265 a multiple of 1093?
True
Is 145 a factor of 1175080?
True
Is 328 a factor of 2240240?
True
Does 11 divide 245520?
True
Is 7788 a multiple of 6?
True
Is 257 a factor of 1014379?
True
Is 10 a factor of 91922?
False
Does 348 divide 129527?
False
Is 231293 a multiple of 3?
False
Is 3861474 a multiple of 2?
True
Does 33 divide 37686?
True
Is 1085153 a multiple of 697?
False
Does 38 divide 180250?
False
Is 75940 a multiple of 11?
False
Is 229 a multiple of 3?
False
Is 18351036 a multiple of 19?
True
Is 20 a factor of 1358820?
True
Is 633462 a multiple of 142?
True
Does 7 divide 3894073?
False
Is 1453849 a multiple of 257?
True
Does 221 divide 78455?
True
Is 144 a factor of 77764?
False
Is 191 a factor of 204315?
False
Does 5 divide 296729?
False
Is 384888 a multiple of 168?
True
Is 1248 a factor of 768768?
True
Does 403 divide 2357147?
True
Is 288840 a multiple of 24?
True
Is 428 a factor of 1116224?
True
Is 1573 a factor of 3361157?
False
Is 223 a factor of 15252366?
False
Does 225 divide 757125?
True
Does 286 divide 1748604?
True
Does 20 divide 193318?
False
Is 38 a factor of 280858?
True
Does 27 divide 1637081?
False
Does 14 divide 1823547?
False
Does 847 divide 9611756?
True
Does 4 divide 93455?
False
Is 28 a factor of 272524?
True
Does 8 divide 377208?
True
Is 1482 even?
True
Is 330 a factor of 2788500?
True
Is 332 a factor of 83996?
True
Is 199591 a multiple of 4?
False
Does 527 divide 5917156?
True
Is 4 a factor of 683988?
True
Does 386 divide 2683086?
True
Is 561 a factor of 10642125?
False
Does 71 divide 3470879?
False
Is 458 a factor of 3092452?
False
Is 355 a factor of 798040?
True
Is 311403 a multiple of 3?
True
Does 48 divide 1068297?
False
Does 124 divide 1982884?
True
Does 12 divide 2779410?
False
Is 25 a factor of 3875190?
False
Is 33 a factor of 110348?
False
Does 17 divide 289256?
False
Is 302176 a multiple of 16?
True
Is 69536 a multiple of 53?
True
Is 1094856 a multiple of 152?
True
Is 1341937 a multiple of 53?
False
Is 143 a factor of 135135?
True
Is 91551 a multiple of 161?
False
Is 8722 even?
True
Is 9 a factor of 610452?
True
Is 697335 a multiple of 267?
False
Is 14 a factor of 19010?
False
Does 61 divide 15951?
False
Does 10 divide 287190?
True
Does 17 divide 377213?
True
Does 26 divide 3865455?
False
Is 9 a factor of 515727?
True
Does 705 divide 2854545?
True
Is 98 a factor of 217032?
False
Does 236 divide 2838372?
True
Is 155 a factor of 65943?
False
Does 1296 divide 1809216?
True
Is 80401 a multiple of 13?
False
Is 119283 a multiple of 12?
False
Does 399 divide 3242194?
False
Is 1304360 a multiple of 10?
True
Does 9 divide 134191?
False
Is 4 a factor of 6423769?
False
Does 245 divide 2479155?
True
Is 10 a factor of 8676?
False
Is 3248077 a multiple of 202?
False
Is 165 a factor of 5922581?
False
Is 1088920 a multiple of 8?
True
Is 12 a factor of 299522?
False
Does 494 divide 10186280?
True
Is 29724 a multiple of 6?
True
Is 2 a factor of 575373?
False
Is 41 a factor of 8216657?
False
Is 22190650 a multiple of 10?
True
Is 99 a factor of 9194328?
True
Does 14 divide 26847?
False
Does 91 divide 328055?
True
Does 214 divide 29526864?
True
Does 898 divide 778524?
False
Does 201 divide 